ose -375 - 93 = -p*f. What are the prime factors of f?
3, 13
Suppose -342*n + 6932629 = -2579759. List the prime factors of n.
2, 13907
Let o(q) = 2*q**3 - 10*q + 16. Let g be o(2). Suppose 0 = -3*u, -340 = -5*s + 2*u + u. Let h = s - g. What are the prime factors of h?
2, 7
Let r = 28968 + -14137. What are the prime factors of r?
14831
What are the prime factors of (-16657)/(-2) - 27/90*5?
11, 757
Let y(z) = z**3 + 5*z**2 + z - 8. Let o be y(-6). Let w be ((-48)/5)/(4/o). Suppose -5*v - v + w = 0. What are the prime factors of v?
2, 5
Let d be (-7)/14*66*(-3)/9. Let u(l) = 4*l**2 - 14*l + 106. What are the prime factors of u(d)?
2, 109
Let t(r) = 35*r**3 - 17*r**2 + 17*r - 66. List the prime factors of t(7).
5, 449
Let y = -265 + 1015. Let p = 1810 - y. What are the prime factors of p?
2, 5, 53
Let m(g) = 26*g - 7. Let u be m(3). Let l = 166 + u. List the prime factors of l.
3, 79
Let u(h) = -4*h + 43. Let z be u(4). What are the prime factors of (2862/z)/((-3)/(-6))?
2, 53
Suppose 597*k = i + 594*k - 11973, -4*i + 47962 = -2*k. What are the prime factors of i?
2, 3, 1999
Let t = -9158 - -17384. List the prime factors of t.
2, 3, 457
Suppose -2*o = -4*d + 12, 4*d + 3*o + 7 = 19. Suppose -d*j + 13 = 4. Suppose -j*n + 4*r = -20 - 5, -n + 3*r = -5. What are the prime factors of n?
11
Let z(l) = 74*l**2 - 73*l - 77. What are the prime factors of z(-16)?
5, 4007
Let r(v) = -1311*v + 1919. List the prime factors of r(-17).
2, 7, 13, 19
Let a = -2 - -6. Let q(j) = -3*j**3 - 5*j**2 - 5*j - 1. Let i be q(-4). Suppose -a*u + i = -249. What are the prime factors of u?
5, 19
Suppose 1541 = 3*i + 4*t, 5*i + 1134 = 3*t + 3741. Let c = i + 112. List the prime factors of c.
631
Let s(g) = -11*g**3 + 24*g**2 + 84*g + 80. List the prime factors of s(-14).
2, 3, 11
Let l(h) = 2114*h**2 + 165*h - 46. List the prime factors of l(6).
2, 9631
Suppose -24*c + 12 = -20*c. Suppose -2284 = c*g - 5*g. What are the prime factors of g?
2, 571
Suppose -7*h + 2*h + 20 = 0. Let f be (2 + -13 + -4)/((-6)/16). Suppose h*k - f - 84 = 0. What are the prime factors of k?
31
Let i(p) = 3*p**2 + 10*p - 11. Let x be (-16)/(-10)*5 + 4. What are the prime factors of i(x)?
541
What are the prime factors of ((75419/159)/(4/(-42)))/((-3)/6)?
7, 1423
Suppose -5*x + 0*t - 5475 = -t, -2*x + 2*t - 2182 = 0. Let g = x - -1548. Let i = -315 + g. What are the prime factors of i?
137
Let x(a) = -13*a**3 + 7*a**2 - 97*a - 854. List the prime factors of x(-12).
2, 11, 23, 47
Suppose 0 = 252*b - 254*b + 4. Suppose -3*q - g = -4 - 1614, -4 = b*g. What are the prime factors of q?
2, 3, 5
Let t(o) be the third derivative of -o**5/60 - o**4/2 - 16*o**3/3 + 16*o**2. Let x be t(-10). List the prime factors of (x + 1)*45/(-9).
5, 11
Let u(f) = 129*f**3 - 4*f**2 + 5*f. Suppose -6 = -2*i + 4*h, -12*i + 17*i - 10 = 5*h. What are the prime factors of u(i)?
2, 5, 13
Suppose -5094*v = -5170*v + 3830704. What are the prime factors of v?
2, 12601
What are the prime factors of 7*(-1)/(-7)*(-5)/5 + 19441?
2, 3, 5
Let r(g) = -2*g**2 + 2*g + 17. Let p be r(5). Let m = p + 30. Let v = 55 - m. List the prime factors of v.
2, 3
Let d be (-27)/18*6/(-1). Suppose 10*k = d*k. Suppose 5*j = -m + 79, k*j = 4*j + 2*m - 62. List the prime factors of j.
2
Suppose -5*f = -6*f + 6*f. Suppose 2*h - 15 = 2*b + b, -h - 5*b - 12 = f. List the prime factors of h/(-6) + 900/8.
2, 7
Let s(b) = -9*b - 77. Let h be s(-9). Suppose -h*c + 5*j = -6458, -40*c + 3*j = -38*c - 3228. What are the prime factors of c?
3, 7, 11
What are the prime factors of (42/36)/((-1)/(-294))?
7
Let x = 5878 + 5256. What are the prime factors of x?
2, 19, 293
What are the prime factors of (-52425)/(-39) + 126/(-546)?
2, 3, 7
List the prime factors of 4354/28 - (-2)/(-12)*15.
3, 17
Let n be (4/1)/((-6)/141). Let k = n - -93. List the prime factors of k/(-1)*(57 + 5).
2, 31
Suppose 20*l - 4*v = 17*l + 8086, 13474 = 5*l - 4*v. List the prime factors of l.
2, 3, 449
Let p(g) = 23*g**2 + 9*g - 34. Let o(d) = d**2 + 11*d + 36. Let k be o(-6). List the prime factors of p(k).
2, 53
Let q(a) = 27*a**3 + 2*a**2 - 2*a. Let f be q(1). Let w = f - 42. Let x = 39 - w. List the prime factors of x.
2, 3
Let d = -30886 - -50119. What are the prime factors of d?
3, 2137
Let s(v) = -21*v + 4446. List the prime factors of s(96).
2, 3, 5
Suppose 3*a - a = 6, 4*u - 184 = 4*a. Suppose u + 302 = 3*q. What are the prime factors of q?
3, 13
Suppose 0 = 2*s + 11*s - 10322. Let j = -317 + s. List the prime factors of j.
3, 53
Suppose -5*g - 6 + 21 = 0. Let h be 380/g + (-10 - -4)/(-18). Let u = 214 - h. List the prime factors of u.
3, 29
What are the prime factors of ((-112)/(-6) + 4)*(507381/(-14))/(-37)?
2, 17, 653
Let x = -174 + 132. List the prime factors of (-136)/4*x/4.
3, 7, 17
Suppose 103*y - 98*y = 40. Suppose s + 5*a - 16 = y, 4*a = -5*s + 36. Let b(h) = h**2 - 4*h + 5. List the prime factors of b(s).
5
Let i be (-3)/(((-45)/(-9))/(-5)). Suppose -i*l + 28*u - 23*u + 2786 = 0, 3*u - 1889 = -2*l. List the prime factors of l.
937
Suppose 0 = -18*h - 5*h + 42849. Let j = -1210 + h. What are the prime factors of j?
653
Let f be -6 + 5 - 910/(-2). Let v = f + -245. What are the prime factors of v?
11, 19
Let s = -520 - -710. List the prime factors of (-24396)/s*20/(-6).
2, 107
Let x be (-1 + 4 - 9)/((-3)/2). Suppose 0 = 5*h - 3*i - 2390, 0 = h - 9*i + x*i - 456. What are the prime factors of h?
13, 37
Let y(u) = 4*u - 2. Let o be y(1). Let l(k) = -4 + 3*k**2 + 3*k**3 - 6*k - k**2 + o*k - 4*k**2. List the prime factors of l(4).
2, 5, 7
What are the prime factors of (-7)/(-15 + 8)*(-63486)/(-3)?
2, 3, 3527
Let z(g) = 2*g**3 - 2*g**2 - 3*g + 3. Let p be z(3). Let o be (0 + (-4)/(-3))*855/p. Suppose s = o + 6. List the prime factors of s.
2, 11
Suppose 72 = -j + 3*s, -5*s + 132 + 8 = -2*j. Let m be ((-10)/(-15))/(2/j*-2). Suppose -m*x + 675 = 25. List the prime factors of x.
5, 13
Let k(b) = 54*b. Let y(f) = f. Let t(c) = -2*k(c) + 14*y(c). Let h be t(-2). Let s = h - 101. List the prime factors of s.
3, 29
Let d = 16 - 13. Suppose 5*w = -20, 5*i - 317 = d*w - 45. Let s = 96 - i. List the prime factors of s.
2, 11
Suppose f + 0*f = 5*g - 140, -f + 49 = 2*g. Suppose 10 = 2*q, -a - q = -g - 19. What are the prime factors of a?
41
Suppose 8*n - 13*n = y - 15926, 0 = -y - 4*n + 15930. List the prime factors of y.
2, 7, 17, 67
Suppose -12 = -7*n + 2*n + 3*g, n - 2*g - 8 = 0. Suppose n = 4*i - 2*v + 12, 0 = -3*v + v. List the prime factors of -10*((-4)/(-8))/(i/48).
2, 5
Let p(x) = x**3 - 12*x**2 + 17*x + 5. Let f be p(10). Let n = 34 + f. Suppose -37 = -3*d - y, 3*y - 2*y = -d + n. List the prime factors of d.
2, 7
Let i(a) = a**2 + 6*a + 10. Let y be i(-4). Let o be 2 - 11104/(-20) - (-2)/(-10). Suppose -d - 4*v = -v - 125, 5*d - o = y*v. List the prime factors of d.
113
Let i = -31 + 34. Suppose 392 = 10*l - i*l. Let m = 109 - l. What are the prime factors of m?
53
Suppose 0 = -5*p + 13*x - 12*x + 41, -5*x = 2*p - 11. List the prime factors of 11827/p - (-3)/40*-5.
2, 739
What are the prime factors of (74724/13)/((-21)/(-35))?
2, 5, 479
Let r(y) = 24005*y**2 - 11*y + 9. List the prime factors of r(1).
3, 7, 127
Let o be 0 - 1089/2 - 2/(-4). List the prime factors of (o/6 - -8)*(-6)/2.
2, 31
Suppose -k - 4*s - 543 = 0, 8*k - 3*k + s + 2791 = 0. Let a = k - -953. List the prime factors of a.
2, 197
Let i(f) = -2*f - 20. Let x be i(-9). Let w be 20/(-6)*(-4 - (1 + x)). What are the prime factors of ((296/w)/1)/((-24)/(-60))?
2, 37
Let s(u) = 32*u - 719. Let a be s(13). Suppose 6*n + 535 = 3*n - 2*q, -520 = 3*n - q. Let o = n - a. List the prime factors of o.
2
Let r = 79349 - 30440. What are the prime factors of r?
3, 7, 17, 137
Let t be 253/77 + ((-6)/7)/3. Suppose 0 = 3*h - t*j - 2 - 4, 4*j = -3*h - 1. What are the prime factors of ((-3)/12*-4)/(h/67)?
67
Let h be ((42/9)/7)/(1/6). Let x be 40/(-5) + h - 0. What are the prime factors of (2202/12 - -8) + (-6)/x?
193
Suppose -2*g = 39 + 89. Let z = g - -64. Suppose -6*h - 2*x + 313 = -3*h, x + 4 = z. What are the prime factors of h?
107
Suppose 7*l + 36 = -97. Let q = l + 24. Suppose -3*d + 290 = -5*b + 4*b, 0 = -3*d + q*b + 286. What are the prime factors of d?
97
Suppose -x - 2*r = -37, -x + 5*r + 91 - 33 = 0. What are the prime factors o